 factors of o(1)?
2, 3
Suppose 2*o = 4*f - 54, 5*f - 69 = -2*o + 5*o. Let x be 8/f + 8/6. Suppose -3*g - 21 = -4*l + 4, -l + x*g = -10. What are the prime factors of l?
2
Suppose 2*m = 5 - 3, -5*s - 4*m = -1414. What are the prime factors of s?
2, 3, 47
Let i = 3 + 0. Suppose i*z - 15 = l, -6 + 15 = 3*z + l. What are the prime factors of z?
2
Suppose -2*u - 42 = -3*r - 16, 4*r + 3*u = 29. List the prime factors of (-3)/(-2) + 12/r.
3
Let t = 372 - 177. What are the prime factors of (-1)/(-4) - t/(-20)?
2, 5
Suppose -4*i - 3*w + 207 = -16, -3*i + 2*w + 180 = 0. What are the prime factors of i?
2, 29
Suppose 9*c = 10*c - 4. List the prime factors of c.
2
Let o = 7 - 1. Suppose o*v - 30 = v. Suppose 0 = -5*z + 4*t + 45, v*z = z + 3*t + 50. List the prime factors of z.
13
Let d(i) = -6*i - 34. Let p be d(-9). Suppose -3*k + 34 = 4. Let r = p - k. List the prime factors of r.
2, 5
Let s(r) = -r**3 - 18*r**2 + 19*r + 21. List the prime factors of s(-19).
3, 7
Let l = -5 - -21. Let j = -7 + l. List the prime factors of j.
3
Suppose 3*q = -2*q - 15. Let m = q + 4. List the prime factors of -4*(-2 + m - 0).
2
List the prime factors of (-1)/(292/(-1360) - (-2)/10).
2, 17
Suppose 0 = 4*q + k - 69 - 205, 3*q - 4*k - 215 = 0. List the prime factors of q.
3, 23
Let s(w) = -7*w - 3. Let u(h) = -2*h**2 + 4*h - 1. Let q be u(3). What are the prime factors of s(q)?
2, 23
Suppose 5*o - k - 17 = 0, -2*o + 18 = o + 2*k. Suppose o*n + 2*f + 17 = -65, -4 = 4*f. What are the prime factors of n/3*(-6)/4?
2, 5
Suppose 0*u + 3*n = -u + 32, -2*u + 100 = -3*n. List the prime factors of u.
2, 11
Let u = 30 + -5. What are the prime factors of u?
5
Let i be (1 - 2)/(3 - 4). Suppose t + 4*z - 30 = 0, z - i = -t + 26. What are the prime factors of t?
2, 13
Let t(d) = -2*d - 2*d + 4*d + d. Let a(x) = 2*x - 10. Let v(y) = a(y) + t(y). List the prime factors of v(8).
2, 7
Let a(j) = 10*j - 41. Let c(k) = -2*k + 8. Let x(q) = -2*a(q) - 11*c(q). Let g be x(4). What are the prime factors of 2 + -1 + g*3?
7
Let t(j) = -2*j**3 - 4*j**2 + 2*j + 2. What are the prime factors of t(-4)?
2, 29
Let p(i) = -i**3 + 9*i**2 + i - 5. Let w be p(9). List the prime factors of 1 - w - (-11 + 6).
2
Let b be (10/(-1))/(-1 - -2). What are the prime factors of (-166)/b + (-6)/(-15)?
17
Suppose -4*p + 140 = 5*o + p, 80 = 4*o - 4*p. What are the prime factors of o?
2, 3
Let k be ((-12)/15)/(4/30). Let x be (-1 + k/(-9))*-33. Let q = x - 4. List the prime factors of q.
7
Suppose h = -4*h + 2*m - 385, -3*m = -3*h - 231. Let u = -42 - h. List the prime factors of u.
5, 7
Let l(j) be the first derivative of -j**3/3 + 7*j + 1. Let g be l(0). Suppose -s + 0*s + g = 0. List the prime factors of s.
7
Suppose -2*w + 0*w + v + 7 = 0, -33 = -3*w - 3*v. Suppose q = w*q - 110. List the prime factors of q.
2, 11
Let l be 628/6 - 7/(-21). Let w = l - 31. Suppose 3*g = -4*q + w, -5*g - 33 + 9 = -2*q. List the prime factors of q.
17
Let t(o) = 24*o**2. Let f(y) = -y + 2. Let r be f(3). Let k be t(r). Suppose -3*c = -5*l + k, 2*c + 5 - 2 = -l. What are the prime factors of l?
3
Suppose 2*g + 4*n = 36, -g + n + 46 = 4*g. What are the prime factors of (-19)/(-1) + -11 + g?
2, 3
What are the prime factors of 16/(-3)*513/(-18)?
2, 19
Let y = 34 - 28. Let r(f) = f**3 - 3*f**2 - 5*f + 4. Let h be r(4). Let x = y - h. What are the prime factors of x?
2, 3
Let y(q) = 2*q + 2. Let n be y(-1). What are the prime factors of 1 - (n - -4) - -47?
2, 11
Let l be 1*4 + 13 + -12. Suppose -2*m - 2*o = -30, 36 = l*m + 4*o - 38. What are the prime factors of m?
2, 7
Suppose 0 = 2*q + 3*n - 81, 5*q - 2*n - 40 = 210. Suppose q = 4*l + 4. List the prime factors of l.
11
Suppose -2*s + 17 = 2*u + 1, -6 = -3*s + 3*u. Suppose 62 = s*n - 3*n - 5*m, 3*n - 3*m - 75 = 0. List the prime factors of n.
3, 7
Let q(p) = 3*p - 2. Let a be ((-2)/2)/((-8)/56). List the prime factors of q(a).
19
Suppose -7 = -5*d + 23. Let l = -11 - -20. Let k = l - d. List the prime factors of k.
3
Let y = 115 - 46. What are the prime factors of y?
3, 23
List the prime factors of (-1 - -79) + -1 + 1.
2, 3, 13
Let s = 72 + -16. List the prime factors of s.
2, 7
Let t(w) = 4*w + 2. Let l(p) = -p - 1. Let c(d) = 3*l(d) + t(d). Let x be c(6). Let s = x + 0. What are the prime factors of s?
5
Suppose 2*j - 11 = -3*w, 3*j - 2*j - 8 = w. Suppose -j*q + 12 = -3*q. Suppose 3*s = m + 7 - 2, -q*s + 13 = m. List the prime factors of s.
3
Let n be 4/(-5)*(-495)/(-22). Let a = 4 - n. What are the prime factors of a?
2, 11
Suppose -38 = -4*r + 2*c, 43 = -0*r + 4*r + 3*c. Suppose -5*h = 2*i - 5, 2*i - i + h = r. List the prime factors of i.
3, 5
Suppose 9 = -4*x - 5*k, 0 = -k - 0 - 1. Let n be (-9 - 1)*x/2. Suppose -3*a + 20 = -4*z - 0, -2*a + n*z + 18 = 0. List the prime factors of a.
2
Suppose -q + 6*q = 310. What are the prime factors of q?
2, 31
Suppose 0 = 2*l - 24 - 10. Let o = l + -7. List the prime factors of o.
2, 5
Suppose 5 = -4*m - 19. Let w be (8/(-6))/(4/18). What are the prime factors of ((-16)/w)/((-2)/m)?
2
Let w(s) = -s**3 + 2*s**2 + 2*s - 1. Let a be w(-2). Suppose -4 - a = -5*g. Suppose g*y - 40 = -4. List the prime factors of y.
2, 3
Suppose u - 102 = -2*a - 0*u, -5*a - u = -261. What are the prime factors of a?
53
Let w(h) = -11*h + 1. Let m be w(-3). Suppose -4*t - 5*z + 14 = -9, 2*z = 2*t - m. List the prime factors of t.
2, 3
Suppose 5*q - 25 = -4*p, p - 3*q + 7*q = 9. Suppose -p*o = -20 - 0. Suppose -6*c + 18 = -o*c. List the prime factors of c.
3
Suppose 0 = 2*u - 49 + 163. Let g = u + 80. What are the prime factors of g?
23
Let v be 0 - 0/3*1. Let k be (v - 1)*(-5 - -1). Suppose -5*q = 5*z - 35, k*z - 16 = 4. List the prime factors of q.
2
Suppose 42 = 4*r + 3*r. List the prime factors of r.
2, 3
Let q be (-2)/3*-150 - -3. Suppose 0*m = 5*p - 2*m - q, p + 2*m - 11 = 0. What are the prime factors of p?
19
Suppose 0*n + 64 = -2*n. Let r = -8 - n. Suppose j - 3*k - r = -2*j, 0 = -5*j - 3*k + 8. List the prime factors of j.
2
Let y be 74/6 - (-6)/9. Suppose y = 3*h - 26. List the prime factors of h.
13
Suppose 98 = 4*j + 5*h, 3*h = -2*h + 10. Let k be (-2)/2*2 - -15. Let a = j - k. List the prime factors of a.
3
Let c be (-1)/(-1 - -2)*2. Let t(r) be the second derivative of r**4/6 - r**3/3 - r**2 + 2*r. List the prime factors of t(c).
2, 5
Let a(y) = 11*y**2 - 4*y + 24. List the prime factors of a(4).
2, 23
Let m be (-4 - -3)*-2*1. Suppose -9 = -d + 4*o, 0*d - m*d = o - 63. Suppose -d = -3*k + 7. What are the prime factors of k?
2, 3
Suppose -3*j - 1680 = -q - 4*q, 5*j + 992 = 3*q. List the prime factors of q.
3, 113
Let j(h) = h**2 - h. What are the prime factors of j(-3)?
2, 3
Suppose -2*b + 7*b + 5 = 4*s, 40 = 5*s + 5*b. Suppose 3*r - s + 11 = 0. What are the prime factors of (1/r)/(1/(-12))?
2, 3
Let b(l) = -2*l. Let n be b(2). Let h = n - -16. Suppose 2*v = -3*q + 18, v + 1 = 4*q - h. List the prime factors of q.
2
List the prime factors of 6 - (-372 + (-36)/(-6)).
2, 3, 31
Let q = -461 + 806. What are the prime factors of q?
3, 5, 23
Suppose -5*s + 7*s + 2*z = 86, 176 = 4*s + 5*z. What are the prime factors of s?
3, 13
Suppose -20 = 2*y + 4*v - 240, -2*y = v - 232. What are the prime factors of y?
2, 59
Let k = 2 + -4. Let m = k - -4. Suppose -27 = -6*c + 2*c - 5*r, -m*c = -2*r - 36. List the prime factors of c.
13
Let m = -9 + 29. What are the prime factors of m?
2, 5
Suppose u = -5*a - 21, -3*u + 18 = -5*u - 4*a. Let z = 1 + u. Suppose z*b = b - 4*p - 23, -4*b + 37 = -5*p. What are the prime factors of b?
3
Suppose -y = 2*y. Suppose -3*r + 36 + 18 = y. List the prime factors of r.
2, 3
Let l(n) = n**3 + 5*n**2 - 5. Let m = -1 + -3. What are the prime factors of l(m)?
11
Suppose -2*o + 6*o = -5*n - 73, 3*n + 101 = -5*o. Let k = 36 + o. Let g = 25 - k. What are the prime factors of g?
11
Suppose 3*r - 77 - 16 = 3*s, 5*s - 31 = -r. Let a = 57 - r. List the prime factors of a.
2, 13
Suppose 14 = -l + 3*l. Suppose 4*k - 2 = -5*y + 2, -2*k + y + 2 = 0. Let p = l - k. What are the prime factors of p?
2, 3
Suppose 0*j - 3*j = 6, 34 = 4*u + 3*j. Suppose 5*f + h + u = 42, -4*h + 9 = 3*f. List the prime factors of f.
7
Let h = 26 + 27. List the prime factors of h.
53
Let i = 153 + -103. What are the prime factors of i?
2, 5
Let s(f) = 11*f**2 + f - 2. Let q be s(1)